{"id":582,"date":"2019-01-16T15:25:57","date_gmt":"2019-01-16T13:25:57","guid":{"rendered":"http:\/\/andotolo.de\/?page_id=582"},"modified":"2019-02-25T12:57:19","modified_gmt":"2019-02-25T10:57:19","slug":"know-how","status":"publish","type":"page","link":"https:\/\/andotolo.de\/?page_id=582","title":{"rendered":"Know How"},"content":{"rendered":"\n<p class=\"has-medium-font-size\">Langzeitbelichtung mit Neutraldichtefilter (ND Filter)<\/p>\n\n\n\n<p class=\"has-background has-white-background-color\">ND Filter, meist Graufilter, werden in der Fotografie zur Minderung der einfallenden Lichtmenge durch das Objektiv eingesetzt. Durch die Minderung der einfallenden Lichtmenge ist es m\u00f6glich mit gr\u00f6\u00dferen Blenden\u00f6ffnung bzw. mit l\u00e4ngeren Belichtungszeiten zu fotografieren.  Nachfolgende Tabelle gibt die rechnische Verl\u00e4ngerung der aktuell gemessenen Belichtungszeit (ohne ND Filter) bei Einsatz eines ND Filters an. Es ist auch m\u00f6glich mehrere ND Filter hintereinander auf das Objektiv zu setzen. Bei dem Einsatz von einem Filter mit ND 1,8 und ND 3 ergibt sich ND 4,8, da die Filterst\u00e4rken addiert werden. Die Verl\u00e4ngerungsfaktoren der Belichtungszeit werden miteinander multipliziert und somit ergibt sich ein Verl\u00e4ngerungsfaktor von 64.000. <\/p>\n\n\n\n<div class=\"wp-block-image\"><figure class=\"aligncenter is-resized\"><img loading=\"lazy\" decoding=\"async\" src=\"http:\/\/andotolo.de\/wp-content\/uploads\/2019\/02\/Graufilter-Verschlusszeiten-1024x756.jpg\" alt=\"\" class=\"wp-image-596\" width=\"623\" height=\"459\" srcset=\"https:\/\/andotolo.de\/wp-content\/uploads\/2019\/02\/Graufilter-Verschlusszeiten-1024x756.jpg 1024w, https:\/\/andotolo.de\/wp-content\/uploads\/2019\/02\/Graufilter-Verschlusszeiten-300x222.jpg 300w, https:\/\/andotolo.de\/wp-content\/uploads\/2019\/02\/Graufilter-Verschlusszeiten-768x567.jpg 768w, https:\/\/andotolo.de\/wp-content\/uploads\/2019\/02\/Graufilter-Verschlusszeiten.jpg 1472w\" sizes=\"auto, (max-width: 623px) 100vw, 623px\" \/><\/figure><\/div>\n","protected":false},"excerpt":{"rendered":"<p>Langzeitbelichtung mit Neutraldichtefilter (ND Filter) ND Filter, meist Graufilter, werden in der Fotografie zur Minderung der einfallenden Lichtmenge durch das Objektiv eingesetzt. Durch die Minderung der einfallenden Lichtmenge ist es m\u00f6glich mit gr\u00f6\u00dferen Blenden\u00f6ffnung bzw. mit l\u00e4ngeren Belichtungszeiten zu fotografieren. Nachfolgende Tabelle gibt die rechnische Verl\u00e4ngerung der aktuell gemessenen Belichtungszeit (ohne ND Filter) bei Einsatz eines ND Filters an. Es ist auch m\u00f6glich mehrere ND Filter hintereinander auf das Objektiv zu setzen. Bei dem Einsatz von einem Filter mit ND 1,8 und ND 3 ergibt sich ND 4,8, da die Filterst\u00e4rken addiert werden. Die Verl\u00e4ngerungsfaktoren der Belichtungszeit werden miteinander multipliziert und somit ergibt sich ein Verl\u00e4ngerungsfaktor von 64.000.<\/p>\n","protected":false},"author":1,"featured_media":0,"parent":0,"menu_order":0,"comment_status":"closed","ping_status":"closed","template":"","meta":{"footnotes":""},"class_list":["post-582","page","type-page","status-publish","hentry"],"_links":{"self":[{"href":"https:\/\/andotolo.de\/index.php?rest_route=\/wp\/v2\/pages\/582","targetHints":{"allow":["GET"]}}],"collection":[{"href":"https:\/\/andotolo.de\/index.php?rest_route=\/wp\/v2\/pages"}],"about":[{"href":"https:\/\/andotolo.de\/index.php?rest_route=\/wp\/v2\/types\/page"}],"author":[{"embeddable":true,"href":"https:\/\/andotolo.de\/index.php?rest_route=\/wp\/v2\/users\/1"}],"replies":[{"embeddable":true,"href":"https:\/\/andotolo.de\/index.php?rest_route=%2Fwp%2Fv2%2Fcomments&post=582"}],"version-history":[{"count":4,"href":"https:\/\/andotolo.de\/index.php?rest_route=\/wp\/v2\/pages\/582\/revisions"}],"predecessor-version":[{"id":597,"href":"https:\/\/andotolo.de\/index.php?rest_route=\/wp\/v2\/pages\/582\/revisions\/597"}],"wp:attachment":[{"href":"https:\/\/andotolo.de\/index.php?rest_route=%2Fwp%2Fv2%2Fmedia&parent=582"}],"curies":[{"name":"wp","href":"https:\/\/api.w.org\/{rel}","templated":true}]}}